) + o)*-12. Let w = 9 - y. What is the units digit of w?
3
Suppose 37 - 1 = 3*g. What is the units digit of 1*10*g/30?
4
Suppose 0 = 2*v - 7*v + 35. Suppose -v*g + 5 = -2*g. What is the units digit of g?
1
Suppose -g + 149 = 5*o - 4*g, 0 = 2*o + 4*g - 44. What is the tens digit of o?
2
Let u(c) = 12*c - 2. What is the tens digit of u(1)?
1
Let y = -11 - -36. What is the tens digit of y?
2
Let l(x) = 4*x**2 + 2*x. Let y be l(2). Suppose -5*j = -2*n - 84, 2*n = j - 0*n - y. What is the units digit of j?
6
What is the units digit of ((-12)/(-6) + -10)*(-10 + -1)?
8
What is the units digit of (-10 + 12)/((-2)/(-20))?
0
Let l = 2 - 6. Let m(t) = t**3 + 5*t**2 + 6*t + 2. Let c be m(l). What is the units digit of (c/4)/((-3)/8)?
4
Suppose -5*x = -5*l - 35, -x + 0*l + 2 = 4*l. Let m be (-2)/(-3) + 8/x. What is the tens digit of 2/m*(-1 + 11)?
1
Suppose 3*a + 2 = 8, -2*w - 2 = -4*a. Suppose w*i - i - 4 = 0. Suppose 3*t + t = 2*v, 4*t = -i*v + 8. What is the units digit of t?
1
Suppose -83 = -j + 218. What is the hundreds digit of j?
3
What is the tens digit of 216/14 + 30/(-70)?
1
Let o = 13 + 14. What is the units digit of o?
7
Let i = 2 - 0. Suppose 0 = 3*g - 2*v + 4, g + g - i*v + 6 = 0. Suppose 5*l = 5*n + 45, -5*l - g = 4*n - 11. What is the units digit of l?
5
Let f(g) = g + 4. Let o be f(-4). Let c(k) = -5*k + 35. Let b(p) = -p + 7. Let q(s) = 11*b(s) - 2*c(s). What is the units digit of q(o)?
7
Let h(l) = 2*l + 11. Let g be h(-8). Let t = 6 + g. What is the units digit of t?
1
Suppose 0*n + 33 = n. Suppose 4*z + n = o - 3, -o = 2*z - 24. Suppose o = 3*j - 4*s, j + 4*s = -3*j. What is the units digit of j?
4
Suppose -4*r = -47 - 1. What is the tens digit of r?
1
Let m = 8 + -3. Let f = -1 + m. What is the units digit of f?
4
Let s = 21 + -31. Suppose 4*f - 92 = -32. Let m = s + f. What is the units digit of m?
5
Suppose 4*d - 268 = -2*w, 2*w = 3*d + w - 206. What is the tens digit of d?
6
Suppose -c = -2*k - 7, 0 = 3*k + 2*c + 2*c + 38. What is the units digit of (2*2)/(k/(-12))?
8
Suppose 6*t - 9 = 3*t. Suppose 0 = 2*o - 3*z - 6, -t*o + 2*z + 0 = -9. Let x(w) = w**2 - w - 2. What is the units digit of x(o)?
4
Let l be 25/10*32/5. Suppose 0*d = 4*d - l. What is the units digit of d?
4
Let k be -5 + 3 + 0 + 65. Suppose 112 = 4*p + 5*x, 4*p - 5*x - 89 - k = 0. What is the units digit of p?
3
Let a = 19 - 19. Let s be 8/5 - (-2)/5. Suppose a = s*y + y - 18. What is the units digit of y?
6
Suppose -5 = s, -2*l + 0*s + 2*s = -150. Suppose -l = -2*c + 4*g, -c + 2*c = -5*g. What is the units digit of c?
5
Let q = 3 - 0. Let f(b) = -2*b - 8*b + 2*b + 2 - q. What is the units digit of f(-1)?
7
Let a(q) = -q**2 + 15*q + 2. What is the tens digit of a(7)?
5
Suppose 13*b - 10*b - 57 = 0. What is the tens digit of b?
1
Let o = 261 - 107. What is the hundreds digit of o?
1
Let v = 2 - 4. Let t be (-5 + 4)/(v/2). Let y = t + 2. What is the units digit of y?
3
Let c = 98 - 17. What is the units digit of c?
1
Let k(w) = w**2 + 8*w - 8. What is the tens digit of k(-11)?
2
Let z(c) = -c + 2. Let l be z(-5). Let x(s) = -s**3 - 5*s**2 + 6*s + 4. Let v be x(-6). Suppose -v*j + l*j = 27. What is the units digit of j?
9
Let y be -1 + 3 - 0 - 4. Let d be 124/8 + 3/y. Suppose 0 = -3*m + 31 + d. What is the units digit of m?
5
Suppose 0 = -21*z + 1043 + 3451. What is the hundreds digit of z?
2
Let a(t) = t + 4. Suppose -15 = -2*d + 7*d. Let q be a(d). Suppose 2*b - w = 6, -q = -2*w + 7. What is the units digit of b?
5
Let m = 15 - 2. Suppose -4*b - 7 + 21 = r, 0 = -3*r + 5*b - 9. Suppose 25 = r*d + x, 0*x = d + x - m. What is the units digit of d?
2
Let w(a) = -3*a - 1. Let l be w(-1). Suppose l*f = -3*f + y + 6, 2*f + y = 1. What is the units digit of f?
1
Let t(f) = 3*f**2 - 11*f - 10. What is the units digit of t(7)?
0
Let b = 163 + -90. What is the units digit of b?
3
Suppose 220 = 4*s + 2*b, 6*s = s - 2*b + 276. What is the tens digit of s?
5
Suppose 8 = -3*j + 4*x, -4*x + 35 - 15 = 0. What is the units digit of (1/(-1))/(j/(-52))?
3
Let p(s) = -18*s + 0 - 4 + 2*s. Let k be p(-3). Suppose -3*a + k = a. What is the units digit of a?
1
What is the units digit of -269*(-24)/(-36)*3/(-2)?
9
Let h = 13 - 11. What is the units digit of h?
2
Let i(n) = n**2 - 12*n + 9. Let f be i(10). Suppose 0 = 4*v - 4, 2*c - 5*v + 15 = -28. Let h = f - c. What is the units digit of h?
8
Let j(o) = o**3 - 5*o**2 - 8*o + 6. What is the units digit of j(7)?
8
Let i be (-1 - -7)/(3/(-2)). Let d = -2 - i. Suppose -g = -2*a + 13, -d*a - 2*g = -3*a + 2. What is the units digit of a?
8
Let t(v) = 11 - 27*v**2 + 12 + 28*v**2 - 13*v + 2. What is the units digit of t(12)?
3
Let v(g) = g**3 + 4*g - 2*g**2 + 2 + 0 - 5. Let q be v(2). Let i = 15 - q. What is the units digit of i?
0
Let r(v) = 5*v + 8. Let m be r(6). Let d = m + -25. What is the units digit of d?
3
Let h = 8 + -4. Suppose -h*l + 4*f + 40 = 0, -3*l - f + 34 = -2*f. What is the tens digit of l?
1
Let h(x) = -x**2 + 7*x - 6. Let g be h(5). Let d be 0 - 2/g*2. Let o(z) = 2*z**2 + 1. What is the units digit of o(d)?
3
What is the hundreds digit of ((-315)/4)/((-11)/((-264)/(-9)))?
2
What is the tens digit of (-4 - (-2 + 0)) + (-8 - -119)?
0
Suppose -2*x = -4*v - x - 67, 4*x - 44 = 2*v. Let g be ((-8)/16)/(2/v). Suppose g*k + 20 = 0, 0*k + 3*k = -5*h. What is the units digit of h?
3
Let x be -2 + 20 + -2 + 0. Let y = x - -2. Suppose -q + 4*q = y. What is the units digit of q?
6
Suppose 8 = 2*z + 2*z. Let d be z - 1*2*-11. What is the units digit of 294/d + 2/(-8)?
2
Let h(q) = q**3 - 8*q**2 + 8*q - 8. Suppose -5*y = -f + 17, 5*y + 0*y = 2*f - 24. Let k be h(f). Let g = k - -8. What is the units digit of g?
7
Let h be (-2)/6*-3 - -6. Let u = h - 6. What is the units digit of u?
1
Let y = -10 - -2. Let d = y + 2. What is the units digit of 11/6 + (-1)/d?
2
Let h(c) = -2*c - 7. Let p be h(-5). Let x(k) be the first derivative of k**3/3 + k**2/2 - 3*k - 1. What is the units digit of x(p)?
9
Suppose -2*t = -10 + 2. Suppose 6 = t*q - 22. What is the units digit of (-36)/(-20)*(q - 2)?
9
Let y be (-6)/(1 + (-17)/14). Let d = y - 14. What is the units digit of d?
4
What is the units digit of -7 - -6 - -11*3?
2
Suppose -5*x = -x - 220. Suppose 4*j - 30 = -c, 0*j + x = 5*c + j. What is the units digit of c?
0
Let a(b) = -b**3 - 3*b**2 + 2*b + 2. Let z be a(-4). Suppose 4*m = -m - z. Let s = m - -6. What is the units digit of s?
4
Suppose n + 197 = 3*g, -2*g + 133 = n - 2*n. Suppose 0*x + 2*s = 2*x - g, 114 = 4*x + 3*s. What is the tens digit of x?
3
Let m = -111 - -113. What is the units digit of m?
2
Let s = 54 + -92. What is the units digit of s/(-14) - 12/(-42)?
3
What is the tens digit of 2 - 0/1 - -37?
3
Let z = 15 + 126. What is the tens digit of z?
4
Let b = 168 + -108. What is the units digit of b?
0
Suppose -4*d - 232 - 256 = -4*r, 0 = -3*r + 4*d + 366. What is the tens digit of r?
2
Let f(l) = -118*l**3 - l - 1. What is the units digit of f(-1)?
8
Suppose 3*f = -3*z + 285, 2*f - 272 + 86 = -4*z. What is the tens digit of f?
9
Let p(h) = -h - 1. Let o be p(5). Let y be ((-2)/o)/((-4)/(-60)). Suppose -4*s + 47 = -y*u, -45 = -5*s - 5*u + 25. What is the units digit of s?
3
Let k be -2*(-2)/4 + 1. Suppose -m - 12 = -k*m. What is the tens digit of m?
1
Let k = -14 + 2. Let v be 3/k - (-18)/8. Suppose n - 20 = -v*t - t, t + 2*n - 15 = 0. What is the units digit of t?
5
Suppose 8*p - 4*p = 16. Let s be 10/p - (-3)/(-2). Suppose 2*j + s = 17. What is the units digit of j?
8
What is the units digit of 24 + (5/(-1) - -3)?
2
Suppose -84*n = -82*n - 460. What is the units digit of n?
0
Suppose k - 34 = 3*m, 0 = 3*k + m - 0*m - 72. Suppose -15 = 3*i, i = s - 3*s + k. Suppose 2*h + 1 = -3*d + 16, -3*d - h + s = 0. What is the units digit of d?
5
Let y = 8 + -6. Suppose y*l - 5 = 15. What is the tens digit of l?
1
Let a = 4 - 15. Let i = a - -26. What is the tens digit of i?
1
Let l = 121 - 7. What is the hundreds digit of l?
1
Suppose -k - 2*q + 2 = 0, 3*k + q = -k - 13. Let i be ((-1)/k)/((-2)/(-8)). What is the tens digit of (4 - 3) + i - -10?
1
Let r(s) be the second derivative of -1/3*s**3 + 2*s + 1/2*s**2 + 0 + 3/2*s**4. What is the tens digit of r(1)?
1
Suppose -5 = -4*t + 7. Let h(d) = -5 + 1 - t*d + 2. What is the units digit of h(-2)?
4
Let 